= -y**3 - 5*y**2 + 7*y + 4. Let v(w) = 5*w - 9. Let l(h) = h - 1. Let t(j) = -12*l(j) + 3*v(j). Let f be t(3). Calculate a(f).
-2
Let v(q) = q**3 + 4*q**2 - 6*q + 2. Let w be 1*(5/(-2))/(7/14). Calculate v(w).
7
Let z(y) be the third derivative of -y**7/5040 - y**6/120 - 2*y**5/3 + 33*y**2. Let c(v) be the third derivative of z(v). Determine c(-2).
-4
Let c(m) = -6*m + 50. Let o be (-28 + 26)*(2 + -6). Calculate c(o).
2
Suppose -8 + 0 = -8*y. Let r(n) = -n**2 - n + 4*n**2 - y - n**3 + 7*n - n. Give r(4).
3
Suppose 0 = 87*r - 134*r + 141. Let m(t) be the first derivative of 8 + 1/3*t**r - 2*t - 3*t**2. Give m(6).
-2
Let m(r) = 3*r**2 + 5*r + 8. Let f(q) = -10*q**2 - 14*q - 24. Let d(u) = 2*f(u) + 7*m(u). Let a = 5 - 21. Let n be 36/a*(-16)/(-6). Give d(n).
2
Suppose 6 = c - 3*c. Let q(s) = -2*s + 1. Let y be q(-1). Let v(i) = 0*i**3 - 1 + i**y + 3 + 3*i**2 + 2*i. Give v(c).
-4
Suppose -3*k + k - 3*h + 15 = 0, -3*k - 3*h + 18 = 0. Let s(a) = k*a**2 - 25*a - 2*a**2 + 5 + 17*a. What is s(7)?
-2
Let l(p) = 21*p - 331. Let z be l(16). Let x(h) = 3*h - 4. Calculate x(z).
11
Let z(h) be the first derivative of 8*h**3/3 - 19. Let k = -3 + 2. Let n = 2 + k. Determine z(n).
8
Let t(s) = -3*s - 1. Let o = -269 - -263. Calculate t(o).
17
Let d(g) = 9*g**3 - 2*g**2 + 13*g - 11. Let q(c) = -174*c + 167*c + c**2 - c**3 + 6 - 4*c**3. Let k(n) = -6*d(n) - 11*q(n). Calculate k(0).
0
Let s(k) = -k**3 + 52*k**2 + k - 55. Let p be s(52). Let g(d) = 4*d + 13. What is g(p)?
1
Let s(t) = 2*t. Let k(u) = 6*u**2 + 2*u - 3. Let o be k(1). Suppose p + 17 = o*h, -h + 11 = -4*p - 0*p. Calculate s(h).
6
Suppose -2*w - 15*b - 11 = -14*b, w + 1 = b. Let u(x) = x**3 + 7*x**2 + 7*x - 7. Give u(w).
13
Suppose u = 4*u + 18. Let h(x) = -x**2 + 16449 - 3*x - 2*x - 16448. Give h(u).
-5
Let w(c) = 2*c**2 - c + 2. Let s = 307 - 304. Calculate w(s).
17
Let u(g) = -g**3 + 5*g**2 - g - 1. Suppose -3*b = 2*k - 5*k - 150, 15 = 5*k. Suppose -b = -5*m - 28. Calculate u(m).
-6
Suppose 5*f + 18 = 5*c - 2, -3*c = 4*f + 2. Let h be 4/8*1*6. Let o(m) = -6*m - 2 + h*m + 2*m. What is o(c)?
-4
Let o be (-24)/(-36)*(-42)/4. Let u(w) = -2*w - 21. What is u(o)?
-7
Let w be 21/20 + 19 + -20. Let u(n) be the second derivative of 1/3*n**4 + 0*n**2 + 0 + w*n**5 + 2/3*n**3 + 7*n. What is u(-3)?
-3
Let l(d) = -d + 2. Let f(i) = 12*i**2 + 49*i + 19. Let w be f(-3). Calculate l(w).
22
Let s(y) = 93 - 29 - 2*y - 31 - 25. Give s(8).
-8
Let t = 8 + -7. Let q(l) = 3 - 6 + t + 0*l + 3*l - 2*l**2. Determine q(2).
-4
Let c(n) = -4*n + 3. Suppose 5*g - 10 = 5*m - 30, -2*g = -m + 13. Let r = g + 11. Calculate c(r).
-5
Let m(o) = o**3 - 4*o**2 - 5*o + 10. Suppose 43 = 15*k - 17. What is m(k)?
-10
Let b be (-87)/(-42)*2 + (-5)/35. Suppose -15 = b*n - n. Let p(v) = v**2 + 7*v. Give p(n).
-10
Let i(k) = 6*k. Suppose -195*v = -130*v - 65. Calculate i(v).
6
Let x = 24 - 30. Let v = x + 6. Let m(g) = g**2 + 24. Determine m(v).
24
Let x(z) = -11*z - 9. Let b(f) = 23*f + 12. Let i(y) = 4*b(y) + 9*x(y). Calculate i(-6).
9
Let g = 41 - 37. Let q(z) = z**3 - z**2 - g*z - 3 - 4*z**2 + 9*z**2. What is q(-4)?
13
Let b(p) be the first derivative of p**4/4 + 11*p**3/3 + 5*p**2 - 10*p - 210. Calculate b(-10).
-10
Suppose 2*f + 10 = f. Let q be f*(20/8)/5. Let o(p) = p**2 + 3*p - 6. Let y be o(q). Let s(g) = -g**2 + 3*g + 3. Calculate s(y).
-1
Let n(r) = -12*r**2 + 1. Let x be 8/16 + (-3)/2. What is n(x)?
-11
Let f(y) = y**2 + y - 2. Let i = -28 + 40. Let d = i - 9. Suppose -12 = 4*q - 3*u - u, 0 = q - d*u + 9. Calculate f(q).
-2
Let x(j) be the first derivative of -5*j + 4 - 1/2*j**2 + 1/3*j**3. Let g(s) = -s**3 - 4*s**2 + 3*s - 10. Let n be g(-5). Determine x(n).
-5
Suppose -5*v = 2*t - 15, -2*t + 2*v - 3*v = -3. Suppose t = -2*d + d + 5. Let o(s) be the third derivative of -s**4/24 - s**3/2 - 5*s**2. Calculate o(d).
-8
Let t(k) be the second derivative of -k**3/6 - k**2 - 3*k - 3. Give t(3).
-5
Let w(o) = o**3 - 2*o**2. Let t(m) = -7*m**3 + 5*m**2 - 3*m - 12. Let j(k) = -t(k) - 6*w(k). Give j(-7).
-9
Let m(b) = -8*b**2 - 1. Let w(n) = -n**2. Let y be 1/((3 + -2)*(-1)/(-5)). Let g(r) = y*w(r) - m(r). What is g(-1)?
4
Let q(l) be the first derivative of -l**4/4 + l**3/3 - l**2/2 + 399. Suppose -4*a - 5*x = -10, a - 3 = -5*x + 7. Determine q(a).
0
Suppose -8*i = -4*i. Let b(j) = -30*j + 7 - 3 + i + 38*j. Calculate b(-4).
-28
Let r(g) = -13 - 5 - 6*g + 14*g + 13. What is r(5)?
35
Let m(b) = 7*b - 1. Let x(i) = 6*i - 1. Suppose 0*z - w - 4 = -z, -z + 2*w + 2 = 0. Let o(c) = z*x(c) - 5*m(c). What is o(4)?
3
Suppose -3*l = 3*x - 24, 7*l = 2*l + 5*x + 10. Suppose 0 = l*q - 6*q - 4. Let j(u) = u**3 + 3*u**2 - 2*u - 5. Give j(q).
-13
Let k(q) = -11*q**2 - 2*q - 1. Let h(b) = -b**2 - b + 2. Let w(j) = 1. Let i(m) = h(m) - 3*w(m). Let v(u) = -2*i(u) + k(u). What is v(-1)?
-8
Suppose 0*r = -2*n + 3*r + 12, 12 = -n - 3*r. Let l(g) = n*g + 4*g**2 - 3 + 6*g**3 - 3*g + 4*g**3 - 9*g**3. Let o = -4 - 0. Calculate l(o).
9
Let q(s) = 2*s**2 - 12*s - 11. Let u = -703 + 712. Give q(u).
43
Let k(f) = -2*f. Let g(b) = 3*b + 2*b + 1 - 2*b. Let q(a) = -3*g(a) - 4*k(a). Let n = 5 - 11. Determine q(n).
3
Let j(w) = 9*w + 2. Let i = 24 - 22. Suppose 6 = -i*p + 2. Calculate j(p).
-16
Let y = 2036 + -2043. Let d(r) = r**2 + 9*r + 16. Give d(y).
2
Let l(j) = -j**3 - 8*j**2 + 10*j + 7. Let m(p) = 5*p**3 + 40*p**2 - 50*p - 33. Let o(k) = -11*l(k) - 2*m(k). Calculate o(-9).
-2
Let t be 10 - 3*(-2)/(-6). Let j(q) = -35*q + 26*q + 7*q + 11. What is j(t)?
-7
Let u = 207 + -197. Let o(d) = d**3 - 10*d**2 + 13. What is o(u)?
13
Let f(l) = -4*l**2 - 1. Let o(s) = s**3 + 11*s**2 - 2. Let a(r) = 2*f(r) + o(r). What is a(-4)?
-20
Let b(s) = 1 - 18*s + 10*s + 4*s**3 + 6*s**2 + 3*s**2 - 5*s**3. Let k(i) = 5*i - 2. Let x be k(2). What is b(x)?
1
Let l(b) = -b**3 - 8*b**2 - 7*b + 1. Let j be l(-7). Suppose 5*d = -2*a + 26, 0 = -4*a + 2*d + j + 3. Let z(c) = -6 - 12 + c + 26 - 8. Give z(a).
3
Let s(l) = -55*l**3 + 1. Let i(o) = -3*o**3 - 92*o**2 + 30*o - 30. Let u be i(-31). Determine s(u).
-54
Let p be (-52)/28 - (-2)/(-14). Let v(s) = -7*s**3 + 2*s - 6. Let o(b) = -6*b**3 + 2*b - 5. Let a(d) = 6*o(d) - 5*v(d). Calculate a(p).
4
Let y(g) = g**3 + 3*g**2 - 2*g + 2. Let s be y(-4). Let r be (s + 12)*1/(-1). Let j(x) = -x**3 - 5*x**2 + 5*x - 5. Determine j(r).
1
Let n(z) = -13*z + 8. Let c be n(0). Suppose d + 2 = -2*x - 8, -4*x = c. Let f(b) = -b**3 - 6*b**2 - b - 8. Determine f(d).
-2
Let g(x) = x**2 + 6*x - 5. Suppose 0 = s + q, 4*s + 2*q = 4*q. Suppose -2*h + 5 = -5*d, s = 2*d + 2*h + 8 + 8. Let y be (-3)/1 - (-9)/d. Determine g(y).
-5
Let y be ((-15)/(-1))/((-2)/((-2)/1)). Suppose 0*m = -3*m - y. Let v(j) = j**2 + 7*j + 6. Determine v(m).
-4
Let q be (1 + 0 - 1)/1. Suppose q = -2*l + n - 3, 5*l + 9 = 3*n. Let b = l + -5. Let v(m) = 2*m + 6. Determine v(b).
-4
Let s(j) be the second derivative of 7*j**3/6 - j**2 + 38*j. Determine s(5).
33
Let f be (17 - 12) + (-2)/(-1). Let r(y) = -y**3 + 5*y**2 + 12*y + 8. Give r(f).
-6
Let p(o) = 3*o**2 - 5. Let u be p(0). Let l(w) = 2*w + 1. What is l(u)?
-9
Let g(x) = 15*x**2 + 43*x + 3. Let n(s) = -8*s**2 - 22*s - 2. Let f(u) = 6*g(u) + 11*n(u). Calculate f(-9).
14
Let r be 4 - ((-30)/10 - -10). Let c(i) = i**3 + i**2 + i + 2. Determine c(r).
-19
Let x(y) be the second derivative of -y**5/20 + y**4/6 + 17*y**3/6 - 7*y**2/2 + 237*y. What is x(5)?
3
Let g(u) be the second derivative of u**5/20 - 11*u**4/12 - 2*u**3 + 4*u**2 - 85*u. Calculate g(12).
8
Let i = -13 - -13. Suppose -2*g + i*g = -4. Let a be (-8)/((2 + -1)*g). Let c(p) = p + 2. Determine c(a).
-2
Let b(s) be the second derivative of s**5/20 + s**4/4 + s**3/6 - s**2 - s - 355. What is b(-3)?
-5
Let c be 350/(-140)*(-6)/(-5). Let t(l) = l**3 + l - 1. Give t(c).
-31
Let q(j) = -j. Let d be q(-11). Suppose d - 3 = -2*o. Let z(v) = -v + 1. What is z(o)?
5
Let k(a) be the third derivative of -a**6/120 + a**5/12 + a**4/4 - 426*a**2 + 28. Suppose 0*j + 12 = b - 3*j, 3*b - j = 36. Suppose c + b = 3*c. Determine k(c).
0
Let g(s) = s + 3 + 0 - 4. Let h = -3122 + 3122. Calculate g(h).
-1
Let t(n) = -n**3 + 3*n**2 + n - 4. Let m = 230 + -227. What is t(m)?
-1
Let w(s) = 2*s + 3. Let c(x) = 2*x**3 + 55*x**2 + 26*x - 35. Let a be c(-27). What is w(a)?
-13
Let t(q) = -q + 3. Let s be t(2). Let o(